nd derivative of -k**5/20 + 2*k**4/3 + 2*k**3/3 - 4*k**2 - 3*k. Let r be j(6). Calculate the greatest common factor of r and 8.
8
Suppose -3*v = v - 36. Let u = 42 + -6. What is the greatest common factor of u and v?
9
Suppose i + 2*i - 15 = -2*g, 2*g - 2*i = 20. Let a(f) = -6*f + 4 + 0*f + f**2 + 2*f + 2. Let z be a(4). Calculate the highest common divisor of g and z.
3
Let a = 22 + -31. Let w(v) = 4*v + v + 1 - v**3 + 3*v - 8*v**2. Let q be w(a). Calculate the highest common divisor of 2 and q.
2
Suppose 2*p - 5*u = -0*p + 266, p - u = 139. Let h = p - 87. What is the highest common divisor of h and 7?
7
Suppose 0*p + 2*p = 136. Calculate the highest common divisor of 17 and p.
17
Let z(l) = -l**2 + 16*l + 13. Let y be z(16). What is the highest common factor of 1 and y?
1
Let c be (-96)/(-18)*117/6. Calculate the highest common factor of 13 and c.
13
Let a be (-2555)/77 - 2/(-11). Let s = -8 + a. Let q = 239 + s. Calculate the greatest common factor of 22 and q.
22
Let f(p) = -p**3 + 18*p**2 - 18*p + 36. Let v be f(17). Calculate the highest common factor of 133 and v.
19
Suppose 4 = -4*v - 2*p, -3*v + 5*p - 6 + 3 = 0. Let q be ((-209)/(-22))/(v/(-2)). Calculate the greatest common divisor of q and 19.
19
Let s = 500 + -284. Calculate the highest common divisor of 24 and s.
24
Let w(m) = -3*m**3 + m**2 - m - 1. Let u be w(-1). Calculate the highest common divisor of 8 and u.
4
Let d be (-67)/(-2) + (-2)/(-4). Calculate the highest common divisor of d and 51.
17
Suppose -f = -3*u + 28 + 42, 5*u = -f + 114. Calculate the greatest common factor of 207 and u.
23
Let o(l) = 2*l**2 - 11*l + 17. Let x be o(6). Let i(v) = v**3 - v**2 + 5*v + 1. Let d be i(4). What is the greatest common factor of d and x?
23
Let c = -17 + 105. Suppose -5*o - a = 1 + 4, 5 = 4*o - a. Suppose o*n = 2*n - 22. What is the greatest common factor of n and c?
11
Suppose b - 5*h - 17 = 2*b, 0 = 4*h + 12. Let d be 8 + 1/(1/b). Calculate the greatest common divisor of 6 and d.
6
Let t(h) be the first derivative of 0*h - 2 + 3/2*h**2. Let u be t(9). Calculate the highest common divisor of u and 3.
3
Let v(c) = 62*c + 1. Let w be v(3). Let y(l) = l**2 + 3*l - 3. Let i be y(-4). Let o(n) = 17*n. Let q be o(i). What is the greatest common divisor of q and w?
17
Let q(w) = 5*w**2 + 9*w + 5. Let f be q(-4). Suppose 6*c = 2*c + 28. What is the highest common factor of f and c?
7
Let x be (107/2)/(1/(-2)). Let d = 0 - -2. Let b be -1 - 2/d - x. Calculate the greatest common factor of b and 42.
21
Let v be (-7)/((-21)/6) - -2. Let a(u) = -u**2 + 6*u - 5. Let k be a(v). Suppose -k*g + 5*g = 36. What is the greatest common factor of 18 and g?
18
Suppose -2*t + 157 - 41 = -u, 5*t - 320 = -5*u. What is the greatest common divisor of 24 and t?
12
Suppose 18*d - 17*d - 20 = 0. What is the greatest common divisor of 10 and d?
10
Let k be (-48)/(-216) + (-2)/18*-61. Calculate the greatest common divisor of 7 and k.
7
Let z = 1 + 5. Let h(f) = f + 8. Let a be h(-6). Suppose 3*i + 2*v = 6, -3*i - v = -a*v - 15. What is the greatest common divisor of z and i?
2
Suppose -45 = 27*b - 32*b. What is the highest common factor of b and 63?
9
Let n be 7/9 + (-6)/(-27). Let w(g) = 152*g. Let m be w(n). What is the greatest common divisor of m and 19?
19
Let v(j) = -j**2 + 5*j + 6. Let u be v(6). Suppose 5*o - 300 = -u*o. What is the highest common factor of o and 12?
12
Suppose -3*j - 2*l + 12 = 0, l + 9 = 4*j - 7. Calculate the highest common factor of 8 and j.
4
Let b = 81 + -1. What is the highest common divisor of 16 and b?
16
Let q = 10 - 8. Suppose 0 - 6 = -3*l. Calculate the highest common factor of l and q.
2
Suppose -4*s + 513 - 93 = 0. Suppose b = 5*d - s, -b + 4*b = 5*d - 105. Suppose -4*z + 10 + 2 = 0. Calculate the highest common factor of z and d.
3
Let h(c) = 5*c**2 - c + 2. Let u be h(-2). What is the greatest common divisor of 36 and u?
12
Let g be ((-54)/(-6))/(3/5). Calculate the highest common factor of g and 5.
5
Let r = 41 + -29. Let s = -27 - -63. Calculate the greatest common divisor of r and s.
12
Suppose -4*s + 22 = -m, -5*s + 0*s = m - 23. Suppose s*x = 4*x + 32. What is the highest common factor of x and 8?
8
Suppose k - 159 = -k + l, 405 = 5*k - l. Suppose -2*n + 0*n - k = -5*a, 3*n = 3*a - 42. Calculate the highest common divisor of a and 126.
18
Let a(g) = 11*g - 4 - 5 - 8*g. Let s be a(4). Suppose -6*j + 3*j = -45. Calculate the highest common divisor of s and j.
3
Let l be ((-4)/(-3))/(2/(-9)). Let u(x) = 2*x - 5. Let d be u(l). Let j be -2 - 1*(2 + d). Calculate the greatest common factor of 65 and j.
13
Suppose p - 1 = -0. Suppose 0 = -5*w - i + 420, -2*i - 9 = p. What is the highest common factor of w and 34?
17
Let m be 1/2*(-12)/(-2). Suppose -5*t + 2 = -3*t + m*y, -3*t - 3*y + 3 = 0. Calculate the greatest common divisor of 8 and t.
1
Suppose k - 73 = -2*c + c, -4*k - 233 = -3*c. Calculate the greatest common factor of 25 and c.
25
Let m(v) be the third derivative of v**4/4 + 4*v**2. Let t be m(1). Calculate the greatest common divisor of 6 and t.
6
Suppose -2*b + 3 = 5*q - 5, 2*b - 8 = q. Let s = -10 - -14. Suppose s*g - 40 = -q*g. What is the greatest common divisor of g and 70?
10
Let n = -77 - -38. Let l(z) = -z - 17. Let b be l(0). Let h = b - n. What is the greatest common factor of 11 and h?
11
Let p(j) = -j**2 + 8*j - 3. Let f be p(5). Calculate the highest common factor of 96 and f.
12
Suppose 0 = -4*y - 0*y + 8. Suppose -1 = y*d - 5. Suppose -f = -d*w + 1, 5 = -2*w + 5*f + 2. Calculate the highest common divisor of 1 and w.
1
Let l(y) = y**2 - 4*y - 12. Let o be l(-9). What is the greatest common divisor of o and 21?
21
Let d(y) = -y. Let p be d(-2). Let n be p*((-13)/(-2) - 1). Suppose 4*j = -4*l + 412, 150 + 32 = 2*l - 4*j. Calculate the highest common divisor of n and l.
11
Let y = 121 + -34. What is the greatest common divisor of 58 and y?
29
Suppose 3*r = r + 20. Calculate the highest common divisor of 15 and r.
5
Let c be 10*(1/2 + 55/50). Calculate the highest common factor of c and 96.
16
Let r = 0 - 1. Let c be (-2)/3*(r + -2). Let o(p) = 6*p**2 + 3*p - 3. Let x be o(c). Calculate the greatest common factor of x and 3.
3
Let l be ((-2)/4)/(6/(-24)). Suppose -2*b + 2 = -b. What is the greatest common divisor of l and b?
2
Let j(d) = 2*d**2 - 7*d + 38. Let x be j(6). What is the highest common divisor of x and 17?
17
Let v be (124/10)/((-2)/(-30)). Suppose 2*b + 4 = v. What is the highest common factor of b and 13?
13
Suppose 0*c + 2*c = -4*h + 4, 2*c + 5*h = 2. Suppose 0 = 4*t - 4. Let d be (0 + 0 + t)*9. Calculate the greatest common divisor of c and d.
3
Suppose 0 = d + 2, 2*d = -7*w + 4*w + 29. What is the highest common divisor of w and 55?
11
Let o = 10 - 7. Suppose 4*u = -3*v + 3*u + 43, -v + 25 = o*u. What is the greatest common divisor of v and 104?
13
Let i be (-1 - -241)*(-3 + 105/28). What is the highest common factor of i and 18?
18
Let d(v) = 75*v**2 + v. Let u be d(-1). Suppose -3*f = u - 26. Let m = f + 30. Calculate the greatest common divisor of 154 and m.
14
Suppose 0 = -3*v - 4*t + 3*t - 8, -3*v - 2*t - 10 = 0. Let k = 9 - v. Calculate the greatest common divisor of k and 77.
11
Suppose 16*f - 410 + 122 = 0. What is the greatest common factor of f and 99?
9
Let k be (-3)/9 + (-362)/(-6). Suppose 3*v = -0*v + k. Calculate the greatest common factor of v and 80.
20
Let m = -3 - -17. Suppose -4*s + 5*r + 295 = 0, 3*r + 12 = -r. What is the greatest common divisor of s and m?
14
Let o(r) = -r + 18. Let n be o(10). Calculate the greatest common factor of n and 1.
1
Let w = -143 - -275. Let n(h) = -19*h + 12. Let t be n(0). What is the greatest common factor of t and w?
12
Suppose 14 - 2 = 4*h. Suppose -8 = -4*d - 4*y, 5*y = 3*y - 2. What is the greatest common divisor of h and d?
3
Suppose 7 = 2*x - 5*k, x = -6*k + k + 26. Calculate the highest common factor of x and 11.
11
Let h be 9*8/(-12)*6/(-4). Calculate the highest common factor of 144 and h.
9
Let l(i) = -19*i - 182. Let q be l(-10). Let k be (-3)/(-2)*16*1. Calculate the greatest common divisor of q and k.
8
Let z(m) = -88 - 3*m + 84 + m. Let j be z(-4). What is the greatest common factor of j and 6?
2
Let r = -6 + 5. Let k be r/(3/30*-1). Calculate the highest common f